hat is the tens digit of 1056?
5
What is the hundreds digit of 18244?
2
What is the tens digit of 5356?
5
What is the ten thousands digit of 55418?
5
What is the units digit of 4233?
3
What is the thousands digit of 2055?
2
What is the hundreds digit of 67588?
5
What is the units digit of 172415?
5
What is the tens digit of 59417?
1
What is the hundreds digit of 929?
9
What is the units digit of 9?
9
What is the units digit of 34548?
8
What is the tens digit of 693?
9
What is the ten thousands digit of 26273?
2
What is the hundreds digit of 5386?
3
What is the units digit of 1618?
8
What is the units digit of 1889?
9
What is the thousands digit of 35016?
5
What is the tens digit of 42866?
6
What is the units digit of 3946?
6
What is the tens digit of 12980?
8
What is the thousands digit of 15150?
5
What is the hundred thousands digit of 106607?
1
What is the tens digit of 5875?
7
What is the hundreds digit of 33033?
0
What is the tens digit of 9413?
1
What is the thousands digit of 16551?
6
What is the units digit of 132?
2
What is the ten thousands digit of 122223?
2
What is the tens digit of 4874?
7
What is the hundreds digit of 66884?
8
What is the ten thousands digit of 16712?
1
What is the tens digit of 103673?
7
What is the thousands digit of 14372?
4
What is the tens digit of 546?
4
What is the hundreds digit of 4902?
9
What is the units digit of 1298?
8
What is the tens digit of 1162?
6
What is the units digit of 134621?
1
What is the tens digit of 2796?
9
What is the thousands digit of 8510?
8
What is the thousands digit of 12496?
2
What is the units digit of 719?
9
What is the thousands digit of 14219?
4
What is the ten thousands digit of 21640?
2
What is the tens digit of 1392?
9
What is the hundreds digit of 6374?
3
What is the units digit of 379?
9
What is the tens digit of 742?
4
What is the tens digit of 2973?
7
What is the thousands digit of 8467?
8
What is the thousands digit of 42652?
2
What is the units digit of 412?
2
What is the units digit of 18731?
1
What is the tens digit of 4077?
7
What is the tens digit of 43452?
5
What is the tens digit of 334?
3
What is the thousands digit of 1217?
1
What is the units digit of 15026?
6
What is the units digit of 55011?
1
What is the hundreds digit of 749?
7
What is the hundreds digit of 9928?
9
What is the units digit of 400?
0
What is the tens digit of 25115?
1
What is the hundreds digit of 1934?
9
What is the tens digit of 44?
4
What is the units digit of 1256?
6
What is the tens digit of 239?
3
What is the thousands digit of 30166?
0
What is the units digit of 8551?
1
What is the units digit of 55?
5
What is the tens digit of 16165?
6
What is the thousands digit of 75180?
5
What is the hundred thousands digit of 163766?
1
What is the units digit of 1303?
3
What is the units digit of 6387?
7
What is the units digit of 2121?
1
What is the tens digit of 4361?
6
What is the thousands digit of 1183?
1
What is the tens digit of 4681?
8
What is the units digit of 7099?
9
What is the thousands digit of 13980?
3
What is the units digit of 1243?
3
What is the thousands digit of 1558?
1
What is the thousands digit of 3124?
3
What is the units digit of 1369?
9
What is the thousands digit of 1999?
1
What is the hundreds digit of 5408?
4
What is the ten thousands digit of 12399?
1
What is the thousands digit of 12277?
2
What is the units digit of 5167?
7
What is the units digit of 6667?
7
What is the tens digit of 49623?
2
What is the units digit of 25?
5
What is the thousands digit of 3815?
3
What is the ten thousands digit of 18032?
1
What is the units digit of 722?
2
What is the tens digit of 2647?
4
What is the hundreds digit of 766?
7
What is the thousands digit of 47241?
7
What is the tens digit of 3973?
7
What is the tens digit of 568?
6
What is the units digit of 3973?
3
What is the hundreds digit of 615?
6
What is the tens digit of 61481?
8
What is the tens digit of 765?
6
What is the thousands digit of 3869?
3
What is the hundreds digit of 876?
8
What is the ten thousands digit of 21107?
2
What is the units digit of 33862?
2
What is the hundreds digit of 19939?
9
What is the tens digit of 6632?
3
What is the units digit of 22950?
0
What is the thousands digit of 26364?
6
What is the thousands digit of 1681?
1
What is the hundreds digit of 10274?
2
What is the tens digit of 130599?
9
What is the units digit of 1163?
3
What is the hundreds digit of 6328?
3
What is the tens digit of 29270?
7
What is the tens digit of 6884?
8
What is the tens digit of 1476?
7
What is the units digit of 45103?
3
What is the tens digit of 2255?
5
What is the tens digit of 556?
5
What is the hundreds digit of 67621?
6
What is the tens digit of 1720?
2
What is the hundreds digit of 43333?
3
What is the hundreds digit of 7139?
1
What is the tens digit of 6849?
4
What is the hundreds digit of 31926?
9
What is the hundreds digit of 23913?
9
What is the tens digit of 3656?
5
What is the thousands digit of 2225?
2
What is the hundreds digit of 86410?
4
What is the ten thousands digit of 19466?
1
What is the tens digit of 16802?
0
What is the units digit of 54?
4
What is the units digit of 23690?
0
What is the hundreds digit of 126?
1
What is the units digit of 3408?
8
What is the hundreds digit of 1546?
5
What is the thousands digit of 5461?
5
What is the tens digit of 7581?
8
What is the hundreds digit of 2510?
5
What is the tens digit of 1003?
0
What is the units digit of 166?
6
What is the ten thousands digit of 23693?
2
What is the tens digit of 1526?
2
What is the tens digit of 763?
6
What is the hundreds digit of 46027?
0
What is the units digit of 215?
5
What is the ten thousands digit of 15301?
1
What is the tens digit of 2944?
4
What is the hundreds digit of 3491?
4
What is the hundreds digit of 79611?
6
What is the ten thousands digit of 40403?
4
What is the ten thousands digit of 20408?
2
What is the units digit of 1574?
4
What is the thousands digit of 63502?
3
What is the tens digit of 40?
4
What is the thousands digit of 1215?
1
What is the tens digit of 967?
6
What is the hundreds digit of 1474?
4
What is the ten thousands digit of 26005?
2
What is the units digit of 273?
3
What is the units digit of 13703?
3
What is the tens digit of 3376?
7
What is the tens digit of 40?
4
What is the tens digit of 63166?
6
What is the units digit of 131?
1
What is the units digit of 832?
2
What is the tens digit of 2455?
5
What is the thousands digit of 5983?
5
What is the units digit of 4470?
0
What is the units digit of 1332?
2
What is the hundreds digit of 1460?
4
What is the tens digit of 22908?
0
What is the hundreds digit of 451?
4
What is the ten thousands digit of 53019?
5
What is the hundreds digit of 205?
2
What is the tens digit of 69?
6
What is the tens digit of 2368?
6
What is the thousands digit of 82475?
2
What is the units digit of 35203?
3
What is the units digit of 6249?
9
What is the units digit of 8362?
2
What is the units digit of 28293?
3
What is the thousands digit of 28103?
8
What is the units digit of 4568?
8
What is the tens digit of 29017?
1
What is the hundreds digit of 209?
2
What is the thousands digit of 5551?
5
What is the units digit of 513?
3
What is the units digit of 35006?
6
What is the hundreds digit of 539?
5
What is the units digit of 2071?
1
What is the units digit of 460?
0
What is the hundreds digit of 1662?
6
What is the thousands digit of 25887?
5
What is the tens digit of 888?
8
What is the hundreds digit of 606?
6
What is the units digit of 3450?
0
What is the units digit of 849?
9
What is the ten thousands digit of 10406?
1
What is the thousands digit of 61169?
1
What is the tens digit of 7451?
5
What is the units digit of 1728?
8
What is the ten thousands digit of 19674?
1
What is the thousands digit of 1944?
1
What is the hundreds digit of 134390?
3
What is the thousands digit of 61541?
1
What is the thousands digit of 6171?
6
What is the hundreds digit of 2459?
4
What is the thousands digit of 43601?
3
What is the ten thousands digit of 70974?
7
What is the thousands digit of 3329?
3
What is the hundreds digit of 22073?
0
What is the thousands digit of 2666?
2
What is the units digit of 2951?
1
What is the units digit of 13655?
5
What is the hundreds digit o